{"id":129,"date":"2020-06-03T20:13:25","date_gmt":"2020-06-03T18:13:25","guid":{"rendered":"http:\/\/hair-beauty-point.de\/wordpress\/?page_id=129"},"modified":"2024-01-13T01:00:45","modified_gmt":"2024-01-13T00:00:45","slug":"fusspflege","status":"publish","type":"page","link":"http:\/\/hair-beauty-point.de\/wordpress\/services\/fusspflege\/","title":{"rendered":"Fu\u00dfpflege"},"content":{"rendered":"\n<h2 class=\"wp-block-heading\"><\/h2>\n\n\n\n<p><\/p>\n\n\n\n<p><span style=\"background-color:rgba(0, 0, 0, 0)\" class=\"has-inline-color has-very-dark-gray-color\"><strong>Fu\u00dfpflege<\/strong><\/span><\/p>\n\n\n\n<ul>\n<li><span style=\"background-color:rgba(0, 0, 0, 0)\" class=\"has-inline-color has-very-dark-gray-color\">N\u00e4gel vom Nagellack befreien<\/span><\/li>\n\n\n\n<li><span style=\"background-color:rgba(0, 0, 0, 0)\" class=\"has-inline-color has-very-dark-gray-color\">Diagnose der F\u00fc\u00dfe<\/span><\/li>\n\n\n\n<li><span style=\"background-color:rgba(0, 0, 0, 0)\" class=\"has-inline-color has-very-dark-gray-color\">Vorbereiten der F\u00fc\u00dfe<\/span><\/li>\n\n\n\n<li><span style=\"background-color:rgba(0, 0, 0, 0)\" class=\"has-inline-color has-very-dark-gray-color\">Verdickte N\u00e4gel verd\u00fcnnen<\/span><\/li>\n\n\n\n<li><span style=\"background-color:rgba(0, 0, 0, 0)\" class=\"has-inline-color has-very-dark-gray-color\">N\u00e4gel k\u00fcrzen<\/span><\/li>\n\n\n\n<li><span style=\"background-color:rgba(0, 0, 0, 0)\" class=\"has-inline-color has-very-dark-gray-color\">Verhornungen \/ Nagelhaut auf und um den Nagel entfernen<\/span><\/li>\n\n\n\n<li><span style=\"background-color:rgba(0, 0, 0, 0)\" class=\"has-inline-color has-very-dark-gray-color\">N\u00e4gel schleifen<\/span><\/li>\n\n\n\n<li><span style=\"background-color:rgba(0, 0, 0, 0)\" class=\"has-inline-color has-very-dark-gray-color\">Behandlung von (nicht erkrankten) H\u00fchneraugen und Dornschwielen<\/span><\/li>\n\n\n\n<li><span style=\"background-color:rgba(0, 0, 0, 0)\" class=\"has-inline-color has-very-dark-gray-color\">Hornhaut des Fu\u00dfes dem anderen Hautniveau angleichen<\/span><\/li>\n\n\n\n<li><span style=\"background-color:rgba(0, 0, 0, 0)\" class=\"has-inline-color has-very-dark-gray-color\">Fu\u00df- und Beinmassage<\/span><\/li>\n<\/ul>\n\n\n\n<p class=\"has-very-dark-gray-color has-text-color\"><strong><span class=\"has-inline-color has-very-dark-gray-color\">Zusatzdienstleitungen<\/span><\/strong><\/p>\n\n\n\n<ul>\n<li><span style=\"background-color:rgba(0, 0, 0, 0)\" class=\"has-inline-color has-very-dark-gray-color\">N\u00e4gel von Cremer\u00fcckst\u00e4nden befreien<\/span><\/li>\n\n\n\n<li><span style=\"background-color:rgba(0, 0, 0, 0)\" class=\"has-inline-color has-very-dark-gray-color\">N\u00e4gel lackieren<\/span><\/li>\n<\/ul>\n\n\n\n<p><\/p>\n\n\n\n<h4 class=\"wp-block-heading\"><span style=\"background-color:rgba(0, 0, 0, 0)\" class=\"has-inline-color has-very-dark-gray-color\">Wir freuen uns auf Ihren Besuch \u2013 Vereinbaren Sie gerne einen Termin unter 04141\/62248!<\/span><\/h4>\n","protected":false},"excerpt":{"rendered":"<p>Fu\u00dfpflege Zusatzdienstleitungen Wir freuen uns auf Ihren Besuch \u2013 Vereinbaren Sie gerne einen Termin unter 04141\/62248!<\/p>\n","protected":false},"author":3,"featured_media":0,"parent":116,"menu_order":0,"comment_status":"closed","ping_status":"closed","template":"","meta":{"footnotes":""},"_links":{"self":[{"href":"http:\/\/hair-beauty-point.de\/wordpress\/wp-json\/wp\/v2\/pages\/129"}],"collection":[{"href":"http:\/\/hair-beauty-point.de\/wordpress\/wp-json\/wp\/v2\/pages"}],"about":[{"href":"http:\/\/hair-beauty-point.de\/wordpress\/wp-json\/wp\/v2\/types\/page"}],"author":[{"embeddable":true,"href":"http:\/\/hair-beauty-point.de\/wordpress\/wp-json\/wp\/v2\/users\/3"}],"replies":[{"embeddable":true,"href":"http:\/\/hair-beauty-point.de\/wordpress\/wp-json\/wp\/v2\/comments?post=129"}],"version-history":[{"count":15,"href":"http:\/\/hair-beauty-point.de\/wordpress\/wp-json\/wp\/v2\/pages\/129\/revisions"}],"predecessor-version":[{"id":601,"href":"http:\/\/hair-beauty-point.de\/wordpress\/wp-json\/wp\/v2\/pages\/129\/revisions\/601"}],"up":[{"embeddable":true,"href":"http:\/\/hair-beauty-point.de\/wordpress\/wp-json\/wp\/v2\/pages\/116"}],"wp:attachment":[{"href":"http:\/\/hair-beauty-point.de\/wordpress\/wp-json\/wp\/v2\/media?parent=129"}],"curies":[{"name":"wp","href":"https:\/\/api.w.org\/{rel}","templated":true}]}}

Fußpflege

<h2 class="wp-block-heading"></h2>



<p></p>



<p><span style="background-color:rgba(0, 0, 0, 0)" class="has-inline-color has-very-dark-gray-color"><strong>Fußpflege</strong></span></p>



<ul>
<li><span style="background-color:rgba(0, 0, 0, 0)" class="has-inline-color has-very-dark-gray-color">Nägel vom Nagellack befreien</span></li>



<li><span style="background-color:rgba(0, 0, 0, 0)" class="has-inline-color has-very-dark-gray-color">Diagnose der Füße</span></li>



<li><span style="background-color:rgba(0, 0, 0, 0)" class="has-inline-color has-very-dark-gray-color">Vorbereiten der Füße</span></li>



<li><span style="background-color:rgba(0, 0, 0, 0)" class="has-inline-color has-very-dark-gray-color">Verdickte Nägel verdünnen</span></li>



<li><span style="background-color:rgba(0, 0, 0, 0)" class="has-inline-color has-very-dark-gray-color">Nägel kürzen</span></li>



<li><span style="background-color:rgba(0, 0, 0, 0)" class="has-inline-color has-very-dark-gray-color">Verhornungen / Nagelhaut auf und um den Nagel entfernen</span></li>



<li><span style="background-color:rgba(0, 0, 0, 0)" class="has-inline-color has-very-dark-gray-color">Nägel schleifen</span></li>



<li><span style="background-color:rgba(0, 0, 0, 0)" class="has-inline-color has-very-dark-gray-color">Behandlung von (nicht erkrankten) Hühneraugen und Dornschwielen</span></li>



<li><span style="background-color:rgba(0, 0, 0, 0)" class="has-inline-color has-very-dark-gray-color">Hornhaut des Fußes dem anderen Hautniveau angleichen</span></li>



<li><span style="background-color:rgba(0, 0, 0, 0)" class="has-inline-color has-very-dark-gray-color">Fuß- und Beinmassage</span></li>
</ul>



<p class="has-very-dark-gray-color has-text-color"><strong><span class="has-inline-color has-very-dark-gray-color">Zusatzdienstleitungen</span></strong></p>



<ul>
<li><span style="background-color:rgba(0, 0, 0, 0)" class="has-inline-color has-very-dark-gray-color">Nägel von Cremerückständen befreien</span></li>



<li><span style="background-color:rgba(0, 0, 0, 0)" class="has-inline-color has-very-dark-gray-color">Nägel lackieren</span></li>
</ul>



<p></p>



<h4 class="wp-block-heading"><span style="background-color:rgba(0, 0, 0, 0)" class="has-inline-color has-very-dark-gray-color">Wir freuen uns auf Ihren Besuch – Vereinbaren Sie gerne einen Termin unter 04141/62248!</span></h4>

<p>Fußpflege Zusatzdienstleitungen Wir freuen uns auf Ihren Besuch – Vereinbaren Sie gerne einen Termin unter 04141/62248!</p>
